{"id":2154,"date":"2025-11-03T02:12:29","date_gmt":"2025-11-03T02:12:29","guid":{"rendered":"https:\/\/diasporaelitefinance.com\/?page_id=2154"},"modified":"2026-01-07T23:38:36","modified_gmt":"2026-01-07T23:38:36","slug":"regulation","status":"publish","type":"page","link":"https:\/\/diasporaelitefinance.com\/index.php\/regulation\/","title":{"rendered":"Regulation"},"content":{"rendered":"\t\t<div data-elementor-type=\"wp-page\" data-elementor-id=\"2154\" class=\"elementor elementor-2154\">\n\t\t\t\t<div class=\"elementor-element elementor-element-c4baf5c e-con-full e-flex e-con e-parent\" data-id=\"c4baf5c\" data-element_type=\"container\" data-e-type=\"container\">\n\t\t\t\t<div class=\"elementor-element elementor-element-4be4e54 elementor-widget elementor-widget-heading\" data-id=\"4be4e54\" data-element_type=\"widget\" data-e-type=\"widget\" data-settings=\"{&quot;wdt_animation_effect&quot;:&quot;none&quot;}\" data-widget_type=\"heading.default\">\n\t\t\t\t\t<h4 class=\"elementor-heading-title elementor-size-default\">You are in control of your choices. We protect your privacy<\/h4>\t\t\t\t<\/div>\n\t\t\t\t<div class=\"elementor-element elementor-element-8033c64 elementor-widget-tablet_extra__width-initial elementor-widget elementor-widget-button\" data-id=\"8033c64\" data-element_type=\"widget\" data-e-type=\"widget\" data-settings=\"{&quot;wdt_animation_effect&quot;:&quot;none&quot;}\" data-widget_type=\"button.default\">\n\t\t\t\t\t\t\t\t\t\t<a class=\"elementor-button elementor-button-link elementor-size-sm\" href=\"https:\/\/diasporaelitefinance.com\/index.php\/financial-profile\/\">\n\t\t\t\t\t\t<span class=\"elementor-button-content-wrapper\">\n\t\t\t\t\t\t<span class=\"elementor-button-icon\">\n\t\t\t\t<svg aria-hidden=\"true\" class=\"e-font-icon-svg e-far-hand-pointer\" viewBox=\"0 0 448 512\" xmlns=\"http:\/\/www.w3.org\/2000\/svg\"><path d=\"M358.182 179.361c-19.493-24.768-52.679-31.945-79.872-19.098-15.127-15.687-36.182-22.487-56.595-19.629V67c0-36.944-29.736-67-66.286-67S89.143 30.056 89.143 67v161.129c-19.909-7.41-43.272-5.094-62.083 8.872-29.355 21.795-35.793 63.333-14.55 93.152l109.699 154.001C134.632 501.59 154.741 512 176 512h178.286c30.802 0 57.574-21.5 64.557-51.797l27.429-118.999A67.873 67.873 0 0 0 448 326v-84c0-46.844-46.625-79.273-89.818-62.639zM80.985 279.697l27.126 38.079c8.995 12.626 29.031 6.287 29.031-9.283V67c0-25.12 36.571-25.16 36.571 0v175c0 8.836 7.163 16 16 16h6.857c8.837 0 16-7.164 16-16v-35c0-25.12 36.571-25.16 36.571 0v35c0 8.836 7.163 16 16 16H272c8.837 0 16-7.164 16-16v-21c0-25.12 36.571-25.16 36.571 0v21c0 8.836 7.163 16 16 16h6.857c8.837 0 16-7.164 16-16 0-25.121 36.571-25.16 36.571 0v84c0 1.488-.169 2.977-.502 4.423l-27.43 119.001c-1.978 8.582-9.29 14.576-17.782 14.576H176c-5.769 0-11.263-2.878-14.697-7.697l-109.712-154c-14.406-20.223 14.994-42.818 29.394-22.606zM176.143 400v-96c0-8.837 6.268-16 14-16h6c7.732 0 14 7.163 14 16v96c0 8.837-6.268 16-14 16h-6c-7.733 0-14-7.163-14-16zm75.428 0v-96c0-8.837 6.268-16 14-16h6c7.732 0 14 7.163 14 16v96c0 8.837-6.268 16-14 16h-6c-7.732 0-14-7.163-14-16zM327 400v-96c0-8.837 6.268-16 14-16h6c7.732 0 14 7.163 14 16v96c0 8.837-6.268 16-14 16h-6c-7.732 0-14-7.163-14-16z\"><\/path><\/svg>\t\t\t<\/span>\n\t\t\t\t\t\t\t\t\t<span class=\"elementor-button-text\">Free investor profile here<\/span>\n\t\t\t\t\t<\/span>\n\t\t\t\t\t<\/a>\n\t\t\t\t\t\t\t\t<\/div>\n\t\t\t\t<\/div>\n\t\t<div class=\"elementor-element elementor-element-7a6d5ec animated-slow e-flex e-con-boxed elementor-invisible e-con e-parent\" data-id=\"7a6d5ec\" data-element_type=\"container\" data-e-type=\"container\" data-settings=\"{&quot;animation&quot;:&quot;fadeIn&quot;}\">\n\t\t\t\t\t<div class=\"e-con-inner\">\n\t\t\t\t<div class=\"elementor-element elementor-element-c282d56 elementor-widget elementor-widget-heading\" data-id=\"c282d56\" data-element_type=\"widget\" data-e-type=\"widget\" data-settings=\"{&quot;wdt_animation_effect&quot;:&quot;none&quot;}\" data-widget_type=\"heading.default\">\n\t\t\t\t\t<h4 class=\"elementor-heading-title elementor-size-default\">Privacy &amp; Your Data<\/h4>\t\t\t\t<\/div>\n\t\t\t\t<div class=\"elementor-element elementor-element-8bc1771 elementor-widget elementor-widget-heading\" data-id=\"8bc1771\" data-element_type=\"widget\" data-e-type=\"widget\" data-settings=\"{&quot;wdt_animation_effect&quot;:&quot;none&quot;}\" data-widget_type=\"heading.default\">\n\t\t\t\t\t<div class=\"elementor-heading-title elementor-size-default\">Last updated: October 20, 2025<\/div>\t\t\t\t<\/div>\n\t\t\t\t\t<\/div>\n\t\t\t\t<\/div>\n\t\t<div class=\"elementor-element elementor-element-de147fa animated-slow e-flex e-con-boxed elementor-invisible e-con e-parent\" data-id=\"de147fa\" data-element_type=\"container\" data-e-type=\"container\" data-settings=\"{&quot;animation&quot;:&quot;fadeInUp&quot;}\">\n\t\t\t\t\t<div class=\"e-con-inner\">\n\t\t<div class=\"elementor-element elementor-element-7cb7154 e-con-full e-flex e-con e-child\" data-id=\"7cb7154\" data-element_type=\"container\" data-e-type=\"container\">\n\t\t\t\t<div class=\"elementor-element elementor-element-89e775b elementor-widget elementor-widget-heading\" data-id=\"89e775b\" data-element_type=\"widget\" data-e-type=\"widget\" data-settings=\"{&quot;wdt_animation_effect&quot;:&quot;none&quot;}\" data-widget_type=\"heading.default\">\n\t\t\t\t\t<p class=\"elementor-heading-title elementor-size-default\">1. Legal notices<\/p>\t\t\t\t<\/div>\n\t\t\t\t<div class=\"elementor-element elementor-element-bb43d5d elementor-widget elementor-widget-text-editor\" data-id=\"bb43d5d\" data-element_type=\"widget\" data-e-type=\"widget\" data-settings=\"{&quot;wdt_animation_effect&quot;:&quot;none&quot;}\" data-widget_type=\"text-editor.default\">\n\t\t\t\t\t\t\t\t\t<p><strong><span dir=\"auto\">Publisher of the<\/span><\/strong><br \/><span dir=\"auto\">Diaspora Elite Finance website \u2013 BIMAAG Groupe<\/span><br \/><span dir=\"auto\">SAS with a capital of \u20ac1,000.<\/span><br \/><span dir=\"auto\">Registered with the Versailles Trade and Companies Register under SIREN number 953 297 140.<\/span><br \/><span dir=\"auto\">Registered office: 56 Sente des Ch\u00e2telets, 78510 Triel-sur-Seine.<\/span><br \/><span dir=\"auto\">Represented by Ms. Ghislaine BILOGHE MARTINEZ<\/span><br \/><span dir=\"auto\">contact@diasporaelitefinance.com<\/span><br \/><span dir=\"auto\">+33 6 33 39 85 28<\/span><\/p><p><strong><span dir=\"auto\">Publication manager<\/span><\/strong><span dir=\"auto\">\u00a0: Ghislaine BILOGHE MARTINEZ<\/span><\/p><p><strong><span dir=\"auto\">Website host<\/span><\/strong><span dir=\"auto\"> : IONOS \/ Go High Level \/ ENOM<\/span><br \/><strong><span dir=\"auto\">Intellectual property<\/span><\/strong><span dir=\"auto\">\u00a0:<\/span><br \/><span dir=\"auto\">All website content (texts, visuals, logos, documents) is the exclusive property of Diaspora Elite Finance \u2013 unless otherwise stated.<\/span><br \/><span dir=\"auto\">Any reproduction, even partial, is prohibited without express authorization.<\/span><\/p>\t\t\t\t\t\t\t\t<\/div>\n\t\t\t\t<div class=\"elementor-element elementor-element-b878244 elementor-widget elementor-widget-image\" data-id=\"b878244\" data-element_type=\"widget\" data-e-type=\"widget\" data-settings=\"{&quot;wdt_animation_effect&quot;:&quot;none&quot;}\" data-widget_type=\"image.default\">\n\t\t\t\t\t\t\t\t\t\t\t\t\t\t\t<img loading=\"lazy\" decoding=\"async\" width=\"1024\" height=\"836\" src=\"https:\/\/diasporaelitefinance.com\/wp-content\/uploads\/2025\/11\/Image-RGPD-1-1024x836.jpg\" class=\"attachment-large size-large wp-image-2232\" alt=\"\" srcset=\"https:\/\/diasporaelitefinance.com\/wp-content\/uploads\/2025\/11\/Image-RGPD-1-1024x836.jpg 1024w, https:\/\/diasporaelitefinance.com\/wp-content\/uploads\/2025\/11\/Image-RGPD-1-300x245.jpg 300w, https:\/\/diasporaelitefinance.com\/wp-content\/uploads\/2025\/11\/Image-RGPD-1-768x627.jpg 768w, https:\/\/diasporaelitefinance.com\/wp-content\/uploads\/2025\/11\/Image-RGPD-1-1536x1254.jpg 1536w, https:\/\/diasporaelitefinance.com\/wp-content\/uploads\/2025\/11\/Image-RGPD-1-2048x1672.jpg 2048w\" sizes=\"auto, (max-width: 1024px) 100vw, 1024px\" \/>\t\t\t\t\t\t\t\t\t\t\t\t\t\t\t<\/div>\n\t\t\t\t<div class=\"elementor-element elementor-element-a1427bc elementor-widget elementor-widget-heading\" data-id=\"a1427bc\" data-element_type=\"widget\" data-e-type=\"widget\" data-settings=\"{&quot;wdt_animation_effect&quot;:&quot;none&quot;}\" data-widget_type=\"heading.default\">\n\t\t\t\t\t<div class=\"elementor-heading-title elementor-size-default\">3. Mediation Procedure<\/div>\t\t\t\t<\/div>\n\t\t\t\t<div class=\"elementor-element elementor-element-cdd993b elementor-widget elementor-widget-text-editor\" data-id=\"cdd993b\" data-element_type=\"widget\" data-e-type=\"widget\" data-settings=\"{&quot;wdt_animation_effect&quot;:&quot;none&quot;}\" data-widget_type=\"text-editor.default\">\n\t\t\t\t\t\t\t\t\t<p><strong><span dir=\"auto\"><span dir=\"auto\" style=\"vertical-align: inherit;\"><span dir=\"auto\" style=\"vertical-align: inherit;\">\u00c9tape 1 : R\u00e9clamation<\/span><\/span><\/span><\/strong><\/p><p><span dir=\"auto\"><span dir=\"auto\" style=\"vertical-align: inherit;\"><span class=\"\" dir=\"auto\" style=\"vertical-align: inherit;\">Pour toute r\u00e9clamation, veuillez nous contacter : <\/span><\/span><\/span><br \/><strong><span dir=\"auto\"><span dir=\"auto\" style=\"vertical-align: inherit;\"><span class=\"\" dir=\"auto\" style=\"vertical-align: inherit;\">Diaspora Elite Finance \u2013 Groupe BIMAAG<\/span><\/span><\/span><\/strong><br \/><span dir=\"auto\"><span dir=\"auto\" style=\"vertical-align: inherit;\"><span class=\"\" dir=\"auto\" style=\"vertical-align: inherit;\"> 56 Sente des Ch\u00e2telets, 78510 Triel-sur-Seine <\/span><\/span><\/span><br \/><span dir=\"auto\"><span dir=\"auto\" style=\"vertical-align: inherit;\"><span class=\"\" dir=\"auto\" style=\"vertical-align: inherit;\">contact@diasporaelitefinance.com <\/span><\/span><\/span><br \/><span dir=\"auto\"><span dir=\"auto\" style=\"vertical-align: inherit;\"><span class=\"\" dir=\"auto\" style=\"vertical-align: inherit;\">R\u00e9ponse garantie sous 2 mois maximum.<\/span><\/span><\/span><\/p><p><strong><span dir=\"auto\"><span dir=\"auto\" style=\"vertical-align: inherit;\"><span dir=\"auto\" style=\"vertical-align: inherit;\">\u00c9tape 2 : M\u00e9diation externe<\/span><\/span><\/span><\/strong><\/p><p><span dir=\"auto\"><span dir=\"auto\" style=\"vertical-align: inherit;\"><span dir=\"auto\" style=\"vertical-align: inherit;\">Si la r\u00e9ponse ne vous satisfait pas, vous pouvez contacter un m\u00e9diateur ind\u00e9pendant\u00a0:<\/span><\/span><\/span><\/p><p><strong><span dir=\"auto\"><span dir=\"auto\" style=\"vertical-align: inherit;\"><span dir=\"auto\" style=\"vertical-align: inherit;\">Pour les activit\u00e9s de conseiller en investissements financiers (CIF),<\/span><\/span><\/span><\/strong><br \/><span dir=\"auto\"><span dir=\"auto\" style=\"vertical-align: inherit;\"><span dir=\"auto\" style=\"vertical-align: inherit;\"> contactez le m\u00e9diateur de l&rsquo;AMF <\/span><\/span><\/span><br \/><span dir=\"auto\"><span dir=\"auto\" style=\"vertical-align: inherit;\"><span dir=\"auto\" style=\"vertical-align: inherit;\">au 17, place de la Bourse, 75082 Paris Cedex 02.<\/span><\/span><\/span><\/p><p><strong><span dir=\"auto\"><span dir=\"auto\" style=\"vertical-align: inherit;\"><span dir=\"auto\" style=\"vertical-align: inherit;\">Pour les activit\u00e9s d&rsquo;assurance, de banque ou de courtage immobilier (IAS, IOBSP, Carte T),<\/span><\/span><\/span><\/strong><br \/><span dir=\"auto\"><span dir=\"auto\" style=\"vertical-align: inherit;\"><span dir=\"auto\" style=\"vertical-align: inherit;\"> contactez CMAP \u2013 M\u00e9diation Consommateurs<\/span><\/span><\/span><br \/><span dir=\"auto\"><span dir=\"auto\" style=\"vertical-align: inherit;\"><span dir=\"auto\" style=\"vertical-align: inherit;\">\u00a0: consommation@cmap.fr <\/span><\/span><\/span><br \/><a href=\"http:\/\/www.cmap.fr\/\" target=\"_blank\" rel=\"noopener noreferrer nofollow\"><span dir=\"auto\"><span dir=\"auto\" style=\"vertical-align: inherit;\"><span dir=\"auto\" style=\"vertical-align: inherit;\">www.cmap.fr<\/span><\/span><\/span><\/a><br \/><span dir=\"auto\"><span dir=\"auto\" style=\"vertical-align: inherit;\"><span dir=\"auto\" style=\"vertical-align: inherit;\"> 39 avenue Franklin D. Roosevelt, 75008 Paris<\/span><\/span><\/span><\/p>\t\t\t\t\t\t\t\t<\/div>\n\t\t\t\t<div class=\"elementor-element elementor-element-e910647 elementor-widget elementor-widget-heading\" data-id=\"e910647\" data-element_type=\"widget\" data-e-type=\"widget\" data-settings=\"{&quot;wdt_animation_effect&quot;:&quot;none&quot;}\" data-widget_type=\"heading.default\">\n\t\t\t\t\t<div class=\"elementor-heading-title elementor-size-default\">4. Code of Ethics<\/div>\t\t\t\t<\/div>\n\t\t\t\t<div class=\"elementor-element elementor-element-49e1b12 elementor-widget elementor-widget-text-editor\" data-id=\"49e1b12\" data-element_type=\"widget\" data-e-type=\"widget\" data-settings=\"{&quot;wdt_animation_effect&quot;:&quot;none&quot;}\" data-widget_type=\"text-editor.default\">\n\t\t\t\t\t\t\t\t\t<p><span dir=\"auto\">Our support is based on rigorous ethics and total transparency:<\/span><\/p><p><strong><span dir=\"auto\">a. Independence<\/span><\/strong><\/p><p><span dir=\"auto\">We have no capital or exclusive links with the suppliers we select.<\/span><\/p><p><strong><span dir=\"auto\">b. Transparency<\/span><\/strong><\/p><p><span dir=\"auto\">Our methods of remuneration are explained from the beginning of the relationship (letter of engagement, quote, etc.).<\/span><\/p><p><strong><span dir=\"auto\">c. Regulated competence<\/span><\/strong><\/p><p><span dir=\"auto\">Diaspora Elite Finance is:<\/span><\/p><p><span dir=\"auto\">CIF registered with ORIAS no. 25004340<\/span><\/p><p><span dir=\"auto\">Member of\u00a0<\/span><strong><span dir=\"auto\">CNCEF Patrimoine<\/span><\/strong><span dir=\"auto\">\u00a0, an association approved by the AMF<\/span><\/p><p><span dir=\"auto\">Insurance broker (IAS) &amp; banking operations broker (IOBSP)<\/span><\/p><p><span dir=\"auto\">Holder of the\u00a0<\/span><strong><span dir=\"auto\">Carte T<\/span><\/strong><span dir=\"auto\">\u00a0, issued by the CCI, for real estate intermediation without holding funds<\/span><\/p><p><span dir=\"auto\">Covered by professional liability insurance that complies with regulatory requirements<\/span><\/p>\t\t\t\t\t\t\t\t<\/div>\n\t\t\t\t<div class=\"elementor-element elementor-element-ed04fd4 elementor-widget elementor-widget-heading\" data-id=\"ed04fd4\" data-element_type=\"widget\" data-e-type=\"widget\" data-settings=\"{&quot;wdt_animation_effect&quot;:&quot;none&quot;}\" data-widget_type=\"heading.default\">\n\t\t\t\t\t<h4 class=\"elementor-heading-title elementor-size-default\">Contact Us<\/h4>\t\t\t\t<\/div>\n\t\t\t\t<div class=\"elementor-element elementor-element-6b9027f elementor-widget elementor-widget-text-editor\" data-id=\"6b9027f\" data-element_type=\"widget\" data-e-type=\"widget\" data-settings=\"{&quot;wdt_animation_effect&quot;:&quot;none&quot;}\" data-widget_type=\"text-editor.default\">\n\t\t\t\t\t\t\t\t\t<p><span dir=\"auto\">For any questions relating to this policy, our services or your rights:<\/span><\/p><p><strong><span dir=\"auto\">06 33 39 85 28<\/span><\/strong><\/p><p><strong><span dir=\"auto\">contact@diasporaelitefinance.com<\/span><\/strong><\/p>\t\t\t\t\t\t\t\t<\/div>\n\t\t\t\t<\/div>\n\t\t<div class=\"elementor-element elementor-element-4a0943d e-con-full e-flex e-con e-child\" data-id=\"4a0943d\" data-element_type=\"container\" data-e-type=\"container\">\n\t\t\t\t<div class=\"elementor-element elementor-element-cb9dd8d elementor-widget elementor-widget-image\" data-id=\"cb9dd8d\" data-element_type=\"widget\" data-e-type=\"widget\" data-settings=\"{&quot;wdt_animation_effect&quot;:&quot;none&quot;}\" data-widget_type=\"image.default\">\n\t\t\t\t\t\t\t\t\t\t\t\t\t\t\t<img loading=\"lazy\" decoding=\"async\" width=\"1024\" height=\"702\" src=\"https:\/\/diasporaelitefinance.com\/wp-content\/uploads\/2025\/11\/Image-RGPD-3.1-1024x702.jpg\" class=\"attachment-large size-large wp-image-2231\" alt=\"\" srcset=\"https:\/\/diasporaelitefinance.com\/wp-content\/uploads\/2025\/11\/Image-RGPD-3.1-1024x702.jpg 1024w, https:\/\/diasporaelitefinance.com\/wp-content\/uploads\/2025\/11\/Image-RGPD-3.1-300x206.jpg 300w, https:\/\/diasporaelitefinance.com\/wp-content\/uploads\/2025\/11\/Image-RGPD-3.1-768x526.jpg 768w, https:\/\/diasporaelitefinance.com\/wp-content\/uploads\/2025\/11\/Image-RGPD-3.1-1536x1052.jpg 1536w, https:\/\/diasporaelitefinance.com\/wp-content\/uploads\/2025\/11\/Image-RGPD-3.1-2048x1403.jpg 2048w\" sizes=\"auto, (max-width: 1024px) 100vw, 1024px\" \/>\t\t\t\t\t\t\t\t\t\t\t\t\t\t\t<\/div>\n\t\t\t\t<div class=\"elementor-element elementor-element-d644dc1 elementor-widget elementor-widget-heading\" data-id=\"d644dc1\" data-element_type=\"widget\" data-e-type=\"widget\" data-settings=\"{&quot;wdt_animation_effect&quot;:&quot;none&quot;}\" data-widget_type=\"heading.default\">\n\t\t\t\t\t<div class=\"elementor-heading-title elementor-size-default\">2. Privacy Policy (GDPR)<\/div>\t\t\t\t<\/div>\n\t\t\t\t<div class=\"elementor-element elementor-element-6f01b8e elementor-widget elementor-widget-text-editor\" data-id=\"6f01b8e\" data-element_type=\"widget\" data-e-type=\"widget\" data-settings=\"{&quot;wdt_animation_effect&quot;:&quot;none&quot;}\" data-widget_type=\"text-editor.default\">\n\t\t\t\t\t\t\t\t\t<p><span dir=\"auto\">Diaspora Elite Finance is committed to protecting the confidentiality of your data, in accordance with the General Data Protection Regulation (GDPR &#8211; EU 2016\/679).<\/span><\/p><p><strong><span dir=\"auto\">Data Controller<\/span><\/strong><\/p><p><span dir=\"auto\">Diaspora Elite Finance \u2013 BIMAAG Group<\/span><br \/><span dir=\"auto\">Represented by Ghislaine BILOGHE MARTINEZ<\/span><\/p><p>\u00a0<span dir=\"auto\">56 Sente des Ch\u00e2telets, 78510 Triel-sur-Seine<\/span><br \/><span dir=\"auto\">contact@diasporaelitefinance.com<\/span><\/p><p><strong><span dir=\"auto\">Data collected<\/span><\/strong><\/p><p><span dir=\"auto\">We only collect the data strictly necessary for our support:<\/span><\/p><p><span dir=\"auto\">Identity: last name, first name<\/span><\/p><p><span dir=\"auto\">Contact details: telephone, email<\/span><\/p><p><span dir=\"auto\">Personal, professional and financial situation<\/span><\/p><p><span dir=\"auto\">Investment objectives, risk profile<\/span><\/p><p><span dir=\"auto\">Information from forms, quizzes, appointments<\/span><\/p><p><strong><span dir=\"auto\">Purposes of processing<\/span><\/strong><\/p><p><span dir=\"auto\">Your data is used for:<\/span><\/p><p><span dir=\"auto\">Conducting personalized wealth assessments<\/span><\/p><p><span dir=\"auto\">We offer tailored solutions (investment, transfer, financing, etc.)<\/span><\/p><p><span dir=\"auto\">Managing customer relationships<\/span><\/p><p><span dir=\"auto\">To provide you with useful information about our services or events<\/span><\/p><p><strong><span dir=\"auto\">Shelf life<\/span><\/strong><\/p><p><span dir=\"auto\">Your data is kept\u00a0<\/span><strong><span dir=\"auto\">for up to 5 years after the last active contact<\/span><\/strong><span dir=\"auto\">\u00a0, unless there are overriding legal obligations.<\/span><\/p><p><strong><span dir=\"auto\">Data sharing<\/span><\/strong><\/p><p><span dir=\"auto\">Your data may only be shared with:<\/span><\/p><p><span dir=\"auto\">Our regulated professional partners (insurers, banks, notaries, etc.)<\/span><\/p><p><span dir=\"auto\">Our technical service providers (hosting, CRM, email marketing, etc.)<\/span><\/p><p><span dir=\"auto\">Your data\u00a0<\/span><span dir=\"auto\">is<\/span><span dir=\"auto\">\u00a0neither\u00a0<\/span><strong><span dir=\"auto\">sold nor rented<\/span><\/strong><span dir=\"auto\">\u00a0.<\/span><\/p><p><strong><span dir=\"auto\">Security<\/span><\/strong><\/p><p><span dir=\"auto\">The data is stored on secure servers with:<\/span><\/p><p><span dir=\"auto\">Restricted access<\/span><\/p><p><span dir=\"auto\">Secure archiving<\/span><\/p><p><span dir=\"auto\">Enhanced internal protection procedures<\/span><\/p><p><strong><span dir=\"auto\">Your GDPR rights<\/span><\/strong><\/p><p><span dir=\"auto\">You can exercise your rights at any time:<\/span><\/p><p><span dir=\"auto\">Access \/ rectification \/ erasure<\/span><\/p><p><span dir=\"auto\">Limitation or opposition to treatment<\/span><\/p><p><span dir=\"auto\">Data portability<\/span><\/p><p><span dir=\"auto\">For all inquiries:\u00a0<\/span><strong><span dir=\"auto\">contact@diasporaelitefinance.com<\/span><\/strong><\/p><p><strong><span dir=\"auto\">Cookies<\/span><\/strong><\/p><p><span dir=\"auto\">Our site uses cookies for the following purposes:<\/span><\/p><p><span dir=\"auto\">Navigation<\/span><\/p><p><span dir=\"auto\">Traffic analysis (statistics)<\/span><\/p><p><span dir=\"auto\">A management banner allows you to accept or refuse these cookies at any time.<\/span><\/p>\t\t\t\t\t\t\t\t<\/div>\n\t\t\t\t<div class=\"elementor-element elementor-element-5072bbc elementor-widget elementor-widget-heading\" data-id=\"5072bbc\" data-element_type=\"widget\" data-e-type=\"widget\" data-settings=\"{&quot;wdt_animation_effect&quot;:&quot;none&quot;}\" data-widget_type=\"heading.default\">\n\t\t\t\t\t<div class=\"elementor-heading-title elementor-size-default\">5. Educational and cultural commitment<\/div>\t\t\t\t<\/div>\n\t\t\t\t<div class=\"elementor-element elementor-element-c2bd88c elementor-widget elementor-widget-text-editor\" data-id=\"c2bd88c\" data-element_type=\"widget\" data-e-type=\"widget\" data-settings=\"{&quot;wdt_animation_effect&quot;:&quot;none&quot;}\" data-widget_type=\"text-editor.default\">\n\t\t\t\t\t\t\t\t\t<p><span dir=\"auto\">We provide particular support to the\u00a0<\/span><strong><span dir=\"auto\">African diaspora<\/span><\/strong><span dir=\"auto\">\u00a0, between two jurisdictions (France &amp; Africa), taking into account:<\/span><\/p><p><span dir=\"auto\">Regarding your tax, family and legal realities<\/span><\/p><p><span dir=\"auto\">With dual expertise: Franco-African<\/span><\/p>\t\t\t\t\t\t\t\t<\/div>\n\t\t\t\t<\/div>\n\t\t\t\t\t<\/div>\n\t\t\t\t<\/div>\n\t\t\t\t<\/div>\n\t\t","protected":false},"excerpt":{"rendered":"<p>You are in control of your choices. We protect your privacy Free investor profile here Privacy &amp; Your Data Last updated: October 20, 2025 1. Legal notices Publisher of theDiaspora Elite Finance website \u2013 BIMAAG GroupeSAS with a capital of \u20ac1,000.Registered with the Versailles Trade and Companies Register under SIREN number 953 297 140.Registered office: [&hellip;]<\/p>\n","protected":false},"author":1,"featured_media":0,"parent":0,"menu_order":0,"comment_status":"closed","ping_status":"closed","template":"","meta":{"footnotes":""},"class_list":["post-2154","page","type-page","status-publish","hentry"],"_links":{"self":[{"href":"https:\/\/diasporaelitefinance.com\/index.php\/wp-json\/wp\/v2\/pages\/2154","targetHints":{"allow":["GET"]}}],"collection":[{"href":"https:\/\/diasporaelitefinance.com\/index.php\/wp-json\/wp\/v2\/pages"}],"about":[{"href":"https:\/\/diasporaelitefinance.com\/index.php\/wp-json\/wp\/v2\/types\/page"}],"author":[{"embeddable":true,"href":"https:\/\/diasporaelitefinance.com\/index.php\/wp-json\/wp\/v2\/users\/1"}],"replies":[{"embeddable":true,"href":"https:\/\/diasporaelitefinance.com\/index.php\/wp-json\/wp\/v2\/comments?post=2154"}],"version-history":[{"count":73,"href":"https:\/\/diasporaelitefinance.com\/index.php\/wp-json\/wp\/v2\/pages\/2154\/revisions"}],"predecessor-version":[{"id":3147,"href":"https:\/\/diasporaelitefinance.com\/index.php\/wp-json\/wp\/v2\/pages\/2154\/revisions\/3147"}],"wp:attachment":[{"href":"https:\/\/diasporaelitefinance.com\/index.php\/wp-json\/wp\/v2\/media?parent=2154"}],"curies":[{"name":"wp","href":"https:\/\/api.w.org\/{rel}","templated":true}]}}